 -4?
-3555455
In base 6, what is 1535223 + 3?
1535230
In base 8, what is 2 + 23720?
23722
In base 2, what is -100011000 + -1110010?
-110001010
In base 7, what is 1 - -1120264?
1120265
In base 9, what is -345 - -7172?
6726
In base 16, what is 5 - 11e49?
-11e44
In base 10, what is -2012 - -1?
-2011
In base 8, what is 1350 - -2303?
3653
In base 5, what is 134 + -144030?
-143341
In base 11, what is 3872 + 2?
3874
In base 13, what is -2ac - -19ab?
16cc
In base 7, what is 3 + 130052?
130055
In base 7, what is -4230641 - 4?
-4230645
In base 12, what is -70b + 1bb?
-510
In base 13, what is -b6 - 170a?
-17c3
In base 14, what is 28 + 15db?
1625
In base 8, what is 5 + 35776?
36003
In base 7, what is 10301 - -130?
10431
In base 5, what is 143212 - -2202?
200414
In base 8, what is -4757 - -43?
-4714
In base 12, what is -4 + -1948?
-1950
In base 7, what is -14 + -53313?
-53330
In base 6, what is -3553500 - 1?
-3553501
In base 11, what is 3a5a46a + 0?
3a5a46a
In base 10, what is 3 + 968?
971
In base 10, what is -32 + 12350?
12318
In base 7, what is -2 - -14304?
14302
In base 4, what is 102 - 13211?
-13103
In base 2, what is 10 + 100011100001011110?
100011100001100000
In base 16, what is -3 - 28d5?
-28d8
In base 6, what is 11 + 2142220?
2142231
In base 13, what is -1404a + -6?
-14053
In base 11, what is -475646 - 8?
-475653
In base 2, what is 1101011010100001 - 0?
1101011010100001
In base 4, what is 13311 + 212023?
232000
In base 15, what is 16dd - a4?
1639
In base 6, what is 435 - 235325?
-234450
In base 4, what is -123 + 320133?
320010
In base 4, what is 1300003 + -13?
1233330
In base 6, what is -1 - 102404?
-102405
In base 7, what is -41 - -3024?
2653
In base 6, what is -2215413 - -12?
-2215401
In base 5, what is 3 + -20304244?
-20304241
In base 13, what is -a8 + -6c4?
-79c
In base 8, what is 30302 + -22?
30260
In base 11, what is 0 - -142018?
142018
In base 12, what is -b + 1650?
1641
In base 5, what is 2 + -42104?
-42102
In base 15, what is -3283 + -7?
-328a
In base 14, what is 9 - -2c85?
2c90
In base 14, what is 8641 - 8d?
8592
In base 10, what is 1055 - -60?
1115
In base 13, what is 4 + ac75c?
ac763
In base 2, what is 101100 + 111111011000110?
111111011110010
In base 14, what is -1a09 - 1?
-1a0a
In base 16, what is -c90 + 18c?
-b04
In base 13, what is 106b0 - 27?
10686
In base 2, what is 10001000111 + 100001?
10001101000
In base 3, what is 1202120112 + -1?
1202120111
In base 4, what is -322 + -302232?
-303220
In base 13, what is -a76 + 41?
-a35
In base 16, what is 59 - a06?
-9ad
In base 8, what is -11 + -153452?
-153463
In base 11, what is -903 + -981?
-1784
In base 12, what is 1542 + 44?
1586
In base 14, what is 1c948 + -4?
1c944
In base 12, what is -61 + -374?
-415
In base 5, what is -140 - 10113123?
-10113313
In base 13, what is -5 - -4530?
4528
In base 12, what is -37 + -2b?
-66
In base 11, what is 7 + -274034?
-274028
In base 10, what is -257 - 2107?
-2364
In base 14, what is -4102 - -8?
-40d8
In base 14, what is 132ca8 - -5?
132cad
In base 4, what is 213013 - -2?
213021
In base 16, what is 9d - 578?
-4db
In base 14, what is -11b2d + 5?
-11b28
In base 11, what is -3883 - 0?
-3883
In base 16, what is -1 + 3c3c?
3c3b
In base 9, what is -727 - -5743?
5015
In base 13, what is -788 - 4c?
-807
In base 3, what is 2 + -11121210120?
-11121210111
In base 15, what is -1ecc + -32?
-200e
In base 12, what is 37 + -1491?
-1456
In base 12, what is 10121 - -2?
10123
In base 6, what is 2051300 + 3?
2051303
In base 7, what is 230 + 36324?
36554
In base 6, what is 4 + 1241205?
1241213
In base 7, what is 2 + -5223535?
-5223533
In base 7, what is -63652 - 6?
-63661
In base 5, what is 0 + -31021232?
-31021232
In base 8, what is 12 - -2035?
2047
In base 7, what is -2605254 + -1?
-2605255
In base 7, what is 1234603 + 3?
1234606
In base 10, what is -2440 - 768?
-3208
In base 4, what is -13133322 - 0?
-13133322
In base 5, what is 4 + 424122?
424131
In base 15, what is -6c54a - -3?
-6c547
In base 6, what is -45 + 1410414?
1410325
In base 8, what is 1 - -27102?
27103
In base 9, what is 87 - 8534?
-8436
In base 7, what is 0 - 1022024?
-1022024
In base 10, what is -6 - -284280?
284274
In base 15, what is -20 + 35cc?
35ac
In base 4, what is -13032 + -2322?
-22020
In base 13, what is 3b + -14a?
-10c
In base 4, what is 2132211 + 2?
2132213
In base 11, what is a073 + -4?
a06a
In base 16, what is -d + 44fb?
44ee
In base 6, what is 3 + 1101534?
1101541
In base 13, what is -29 + -541c?
-5448
In base 7, what is -14536132 - 0?
-14536132
In base 2, what is 1000111010 + -10101111?
110001011
In base 12, what is 2 + -6882?
-6880
In base 5, what is 113 + 434343?
440011
In base 15, what is -11b8 - 63?
-122b
In base 6, what is -1002530 + 12?
-1002514
In base 5, what is 110121 + -103?
110013
In base 5, what is -4204 + 22311?
13102
In base 11, what is -215272 - -4?
-215269
In base 16, what is 59f - -1e?
5bd
In base 3, what is 11 - -21210010?
21210021
In base 8, what is -4 + 34056?
34052
In base 3, what is -20222212 - -101?
-20222111
In base 15, what is -4b - a6?
-102
In base 2, what is -100 + 111001001011?
111001000111
In base 7, what is -6260523 - -5?
-6260515
In base 4, what is 2 + 303202210?
303202212
In base 14, what is 151 + 582?
6d3
In base 5, what is 1244 - -121?
1420
In base 9, what is 415338 + 4?
415343
In base 6, what is -505 + -2042?
-2551
In base 3, what is -1121121 + -22?
-1121220
In base 14, what is 25bcd - 2?
25bcb
In base 13, what is -23 - 50086?
-500a9
In base 4, what is -1 + 11011123020?
11011123013
In base 8, what is 31 + 14431?
14462
In base 10, what is -6932 + 6?
-6926
In base 8, what is -17 - 640057?
-640076
In base 15, what is 1072c51 + 4?
1072c55
In base 8, what is 161462 - -5?
161467
In base 4, what is -2 - -1123101?
1123033
In base 9, what is 1 - 801677?
-801676
In base 13, what is 190341 - -1?
190342
In base 5, what is -1314024 - 23?
-1314102
In base 12, what is 162538 + 6?
162542
In base 15, what is e2d + 7bd?
16eb
In base 6, what is 114534303 - 5?
114534254
In base 16, what is 44d - a?
443
In base 7, what is 111000 + -11?
110656
In base 2, what is 10110110000 + 1000111?
10111110111
In base 14, what is 3d3a - d7?
3c43
In base 8, what is 134 + -1276?
-1142
In base 13, what is 7b1a3 + a?
7b1b0
In base 4, what is 13 + 2020132?
2020211
In base 8, what is -1142 + 261?
-661
In base 5, what is 424 - -434?
1413
In base 9, what is 2201 + -1?
2200
In base 8, what is 2037 - 4514?
-2455
In base 2, what is 1000010000010011 - -100?
1000010000010111
In base 8, what is 5452 - 376?
5054
In base 10, what is -772 + -605?
-1377
In base 2, what is -11101001111011 - 1000?
-11101010000011
In base 13, what is -5 + -8c711?
-8c716
In base 2, what is -11 - 1001110011011011000?
-1001110011011011011
In base 10, what is -62324 + -103?
-62427
In base 15, what is 11 - 135b?
-134a
In base 10, what is -8907 - -78?
-8829
In base 5, what is 20140 - -1130?
21320
In base 2, what is -11100101010101 + 1?
-11100101010100
In base 15, what is 3068e + 1c?
306ab
In base 8, what is -104 - 3751?
-4055
In base 14, what is 916 - -3?
919
In base 4, what is 110021330 + 302?
110022232
In base 5, what is 2 - 212440?
-212433
In base 12, what is 244 + -12461?
-12219
In base 5, what is 4240 + 133?
4423
In base 16, what is -2a + 491?
467
In base 9, what is -1633 - 61?
-1704
In base 14, what is 8d1 - -5?
8d6
In base 13, what is 8 + 7528b?
75296
In base 6, what is -11 + 212142?
212131
In base 14, what is -4 - 335?
-339
In base 2, what is -110001010100111010 - 101?
-110001010100111111
In base 8, what is 22052 - -306?
22360
In base 11, what is -4 + 956a84?
956a80
In base 3, what is 2122001102201 + -2?
2122001102122
In base 2, what is 10100 - 10101100110111?
-10101100100011
In base 13, what is 5 - -514?
519
In base 11, what is -205976 + -3?
-205979
In base 10, what is 102 + -652?
-550
In base 12, what is -86 - 433a?
-4404
In base 8, what is 103 - -250?
353
In base 2, what is -1001 + 1010100100011?
1010100011010
In base 14, what is -1 - -6ab3?
6ab2
In base 8, what is 5 - 125156?
-125151
In base 2, what is -110000110101000 - 100?
-110000110101100
In base 5, what is 2012303 + -142?
2012111
In base 8, what is -166065 + 5?
-166060
In base 8, what is 1 + 2603?
2604
In base 11, what is 2 + 34722?
34724
In base 4, what is 11 - 2222